(-5 + 5)) + 17?
11
What is -1 - -17 - (-49 + 40)?
25
Evaluate -17 - (11 - (-23 - -53)).
2
Calculate 38 - (23 - (19 - 13)).
21
-8 + (-9 + -11 + 27 - 14)
-15
What is 1 + (25 - -4 - 16)?
14
3 + 9 + (-8 - 1)
3
Evaluate 28 - (-39 - -20 - -20).
27
(0 - -5) + (-2 - (-10 - 16)) + -5
24
What is -1 + 2 + 2 + (1189 - 1194)?
-2
Evaluate 22 + (-6 - (80 - 43)).
-21
What is the value of -2 - ((3 - (14 - 4)) + -4)?
9
What is -2 - ((-11 - (1 + 5 + -4)) + 3)?
8
What is -26 + 70 + -6 + -15?
23
What is the value of 37 - (14 + 9 + -3)?
17
Evaluate 13 + -12 + 3 + (-5 - 0).
-1
What is -5 - (-5 - -2 - -1) - (-11 + 3)?
5
Evaluate (-23 + 13 - -10) + -6.
-6
Evaluate (6 - (-3 - -3)) + (3 - 3).
6
Calculate 7 - (-31 - -49) - (0 - 0) - 21.
-32
What is -39 - (-32 + -1 - -8)?
-14
What is -13 - (9 - (-14 + (11 - 5) - -16))?
-14
24 + -27 - 13 - (2 - (1 + 0))
-17
(-10 - ((3 - 3) + 5)) + 9
-6
-4 + (-1 + 5 - 1) - 6
-7
What is 0 + (2 + 4 + (-17 - -2) - 7)?
-16
7 - (224 + -220 - (-1 - -29 - 1))
30
Calculate (22 + -20 - (10 + -23)) + (-3 - 1).
11
0 - 11 - (-476 - -472)
-7
Calculate -22 - (22 + (-38 - 28)).
22
What is the value of (0 - (-17 - -4)) + -29?
-16
What is the value of 15 + (-2 - 22) - (-2 - (-8 - -2))?
-13
What is (-3 + 2 + -3 - 5) + (-3 - -6)?
-6
0 - ((-4 - 13) + 27 - 31)
21
Evaluate (12 + -14 - -1) + 3 + 0 - 17.
-15
11 - (8 + -8) - 2
9
Calculate -1 + -531 + 528 + 14 + 0.
10
Evaluate (-11 - (-4 + 4 - 0)) + -6 + 8.
-9
Evaluate -36 - (38 - 44) - (-1 - -1).
-30
Calculate (13 - (18 - 11)) + (-9 - 0).
-3
What is (-299 - -321) + (0 - 4)?
18
What is the value of (14 - -5 - 10) + -7?
2
What is -8 - (4 + (-10 - -17) + (-7 - -2))?
-14
What is the value of 1 + (5 - 8) + 1 + 8?
7
Evaluate (-1 - -19) + (-21 - -17) + (-1 - 6).
7
Evaluate 0 + 1 - (-8 + 4 + 2 + -8).
11
What is the value of 2 - 5 - -3 - -5 - (7 - -2)?
-4
What is the value of ((5 - 6) + -6 - (-13 + -2)) + 3?
11
Calculate -49 + (31 - 69) + 58.
-29
What is the value of (5 - ((10 - 1) + -5)) + -1?
0
Calculate 1 + 22 + -9 - 2 - 19.
-7
Calculate (234 - 254) + (2 - -14).
-4
What is the value of 12 + -4 + 0 - (13 - 7)?
2
Evaluate 0 + 5 + -2 + (1 - 15 - 0).
-11
What is 6 - (-5 + 14 + 4 + -10)?
3
Evaluate (8 + 22 - -11) + -14.
27
Calculate (-10 - -1) + -1277 + 1260.
-26
Calculate (-231 - -219) + (1 - 3 - (-4 + -3)).
-7
What is the value of (1 - 10) + (-76 - -85) + 0 + 20?
20
Evaluate -8 + (11 - 18 - -20) - 10.
-5
Calculate (-6 - 3) + 0 - (2 + -8).
-3
Calculate -6 - (3 - 7) - (-7 + 4 - -6).
-5
Calculate 2 - 1 - 3 - (19 + -6 - 8).
-7
Evaluate -4 - (0 - (-2 - -6)) - (-12 + 7).
5
Calculate (35 + 3 - 45) + (0 - -2).
-5
Evaluate -15 + -2 + 2 + (-25 - -44 - 28).
-24
What is 65 + -34 + -47 - (-9 - 0)?
-7
What is the value of 2 + 1 + -24 + 5 + (-5 - 2)?
-23
2 + 28 + -1 + (-36 - -24)
17
Evaluate -2 - (27 - 64) - 37.
-2
Evaluate 6 - -5 - (28 - 28).
11
What is the value of 3 - -3 - (4 + (-12 - -32))?
-18
Evaluate -15 + (-4 - -10 - -17) - -16.
24
-4 + 0 + 88 + -50 + -52
-18
Evaluate -26 + 34 - (55 - 26).
-21
What is (-5 + -2 + 11 - -1) + -1 - -1?
5
What is -9 + 2 + (-6 - -16)?
3
What is 5 + -12 + -8 + 14 - 11?
-12
Calculate 1 - (12 - (-12 + 25) - 12).
14
What is the value of -3 - (7 - 1) - (3 + -18)?
6
-4 + (-8 - (6 - (26 + -7)))
1
What is -4 - 2 - (3 + (12 - 19))?
-2
-14 + -11 + 12 + -10 + 4
-19
Calculate (-26 - (10 + -29)) + -9.
-16
12 + (2 - 2) + 6 + -7 + 9
20
What is 5 + (-3 - 2) + (17 - 15)?
2
(22 - 54) + 13 + 42
23
Evaluate 5 + (-29 - -25) + -15.
-14
What is the value of (1 - -1) + -13 + (486 - 488)?
-13
Evaluate (-6 - 13) + 0 + 0 - (-1 + 5).
-23
Evaluate -1 - 1 - ((-21 - 3) + 15).
7
What is the value of 34 - 29 - ((-3 - (-2 + 5)) + 8)?
3
Evaluate 37 + 0 + 7 + -11 + 7 + -8.
32
Evaluate 80 + -83 - (-5 + -6 + 0).
8
-38 + 21 + 14 + 6
3
Evaluate (2 - 7 - 4) + (28 - 23) + -14.
-18
What is -15 - 3 - 1 - (7 + (8 - 22))?
-12
What is the value of 17 + 31 + -60 - 5?
-17
-3 + 15 + -10 + -6 + 0
-4
Calculate (56 - 50) + (-3 + 1 - -2) + -6.
0
What is the value of 11 + -18 + 13 + 0?
6
What is the value of 3 + -2 + -144 + 141?
-2
Calculate -33 - (-14 + 25 + -36).
-8
0 - (-33 - (-16 + 26 - (-2 - -13)))
32
-38 + -38 + 108 - 48
-16
What is (8 + -2 + -62 + 57 - -7) + 9?
17
Calculate 0 - (-1 + -5) - ((4 - -2) + -8).
8
What is 5 + -63 - (9 - 46)?
-21
Evaluate -38 + (7 - (34 + -57)).
-8
What is -17 + 16 + -56 + 36?
-21
Evaluate (0 + 0 - (-19 + 24 + -5)) + -13.
-13
Evaluate -26 - (2 + -11 + -9).
-8
What is -19 + (25 - 3) - (-1 + -7)?
11
Calculate -53 + 26 - (-31 + -2).
6
Evaluate -9 + 15 + (10 - 6) + -24.
-14
Evaluate 2 + -9 - (-26 - (-8 + 1)).
12
Evaluate (-12 - -1) + -1 + (3 - 2) + 0.
-11
Evaluate 4 + -1 - (-8 - (-27 - -8)).
-8
What is -255 - -266 - (2 + 12)?
-3
What is 1 - ((-19 - -9) + -11)?
22
Evaluate 9 + -2 + 7 + -11 + 9.
12
Evaluate 2 + 2 + (11 + -19 - (-3 + 2)).
-3
What is the value of 19 + 5 + (-24 - 1)?
-1
8 - -7 - -7 - 38
-16
Evaluate 16 + -4 + (1 - 2) - 27.
-16
Evaluate -5 - (-7 - 6 - 2).
10
What is the value of (-11 - -6) + 1 + 0 + -7 + 19?
8
Calculate (-35 - -10) + 24 + 0 + 1.
0
15 + (12 - (44 + -21))
4
What is (48 - 44 - (-2 - (2 - 0))) + 3?
11
What is 72 + -69 + -7 + 0 + (2 - 6)?
-8
Evaluate (-22 - -10) + 23 + (1 - 28).
-16
(13 - 35 - -10) + 4 + 1
-7
-13 + (23 + -2 - 5) + -17
-14
Calculate 1 + -5 - -2 - (14 + 8 + -8).
-16
7 + -6 + (7 - (-1 + 5))
4
What is 6 + (10 + -5 + -1 - 24) + -1?
-15
2 + 1 - (-4 - (-4 - -6)) - 6
3
Calculate 4 + -7 + (27 - 18) + 1 + 0.
7
-15 + 11 + (-1 - (2 + -19))
12
What is the value of (-4 - 1) + (8 - 5)?
-2
-4 + (-11 - (15 + -14)) + -7
-23
Evaluate (0 - 2) + 0 + (-39 - (-11 - -9)).
-39
What is the value of 7 + -1 - ((-15 - -11) + 18)?
-8
1 + 0 + 208 + -206
3
What is the value of 4 + -9 + (6 - -2) - (7 - 5)?
1
What is the value of (16 - (-14 - -10)) + -14 + (-10 - -1)?
-3
Evaluate (-5 - -7 - (-20 - -10)) + -7 - 38.
-33
35 + (-6 - (-19 - -17))
31
(3 + -7 - -7) + -14 + 9 + 19
17
Calculate (-3 - -2) + 2 - (119 - 111).
-7
Evaluate 9 + 0 - (-12 + 9) - (25 + -1).
-12
-6 + 16 + -4 + -8
-2
What is the value of 26 - 16 - (3 - (-4 - 0))?
3
-9 + 2 + (2 - -1) + (184 - 185)
-5
What is -1 - (3 + 16 + (-8 - 5))?
-7
-14 + (-1 - -1) - (-38 - -4 - -38)
-18
-1 - (-12 + 11 + 2 - -4)
-6
What is -2 + 5 + 13 + -19?
-3
Evaluate -18 - (-15 + 6 - 1).
-8
What is the value of -6 - (1 + -46 - (12 - (28 + -8)))?
31
What is -2 - (6 + (-8 - (5 - 13)))?
-8
Calculate (20 - (28 - -19)) + 9 + 2.
-16
What is the value of (-11 - (4 - (13 - 7))) + -1 + -9?
-19
(0 - (0 + -1)) + (23 - (22 + 5))
-3
Calculate 6 - (17 - 2) - -8 - (-3 - 10).
12
Evaluate 0 + 7 - (-16 + 25 + -17 - -7).
8
What is the value of -7 - (-2 + 2 + 7 + 13 + -27)?
0
-1 - (5 - 15) - 20
-11
Calculate (2 - (1 - (9 - 2))) + 3 + -1.
10
What is the value of 33 + (37 - 46) + 2 + 0?
26
What is the value of 4 - (12 + -5 + -6 - 6 - -9)?
0
What is 2 + -1 + (-8 - (2 + -2 + -13))?
6
Calculate -13 - -10 - 1 - (-9 - -41).
-36
(-6 - 12) + 5 - -37 - (-3 - 0)
27
14 + (1 + -1 + 2 - (911 - 912))
17
(2 - (6 + -8)) + (50 - 50)
4
Evaluate -5 + 0 + (40 - 21).
14
Calculate 1 - 1 - (6 + -5).
-1
What is the value of -45 + 11 + -15 + 46?
-3
-9 + (20 - (-1 + (0 - (-4 - -2))))
10
What is 16 - (19 - 13) - -25?
35
Evaluate -14 + -6 + (29 - 15 - -12).
6
(30 + -10 - 18) + -8 + (1 - -20)
15
Calculate 4 + 0 - (-2 - (8 + -6) - -31).
-23
Evaluate (-5 - 43) + 55 - (-1 + -15).
23
(4 + (-8 - -15) - 5 - 10) + 10
6
Evaluate -4 + (-11 - -6 - -16) - 15.
-8
What is the value of (-5 - -20 - (23 - 24)) + -1 + 5?
20
Evaluate 16 + (-15 + -4 - -34).
31
What is the value of 22 + (41 - 4) + -57?
2
Calculate 5 - (26 - 8) - 5.
-18
-29 - -16 - (9 + -4 - -2)
-20
Calculate (-6 - (-2 + -10)) + (-11 - -4).
-1
Evaluate 4 + (-1 - -1 - (9 - 3)) + 18.
16
2 + (-1 - -3 - -2) + 0 - 18
-12
Evaluate -13 - (-32 + (18 - -3)).
-2
What is the value of (2 - -2) + (3 - -2) + -23?
-14
What is the value of 14 + -23 - 21 - -23?
-7
Evaluate (2 - 1 - -29) + -76 + 71.
25
-16 + 18 - (6 - -15)
-19
Calculate (4 - -1) + -7 - (26 + -19).
-9
Calculate (5 - (5 - 1) - 8) + (1 - 3).
-9
Evaluate -12 - 6 - (-12 + 17 - -3) - -8.
-18
Evaluate -21 - (-11 + (-25 - 5)).
20
3 + 6 - (4 + 14)
-9
9 - -2 - (23 - (-8 + 23))
3
Calculate (0 - -9) + (-14 - (5 + (-31 - 0))).
21
1 + 5 + 1 - (-53 - (-80 + 12))
-8
What is -5 + (-2 - (-6 - -4))?
-5
Evaluate (-8 - -1) + 10 + 2 + -7 - -11.
9
Calculate